is divided by (-2)/(-7) + (-393)/(-21).
18
Suppose 3*q = -2*v + 49, 117 = 5*v - 5*q - 43. Calculate the remainder when 85 is divided by v.
27
Suppose -b + 97 = j, 0*b + 3*b - 4*j - 326 = 0. What is the remainder when b is divided by 21?
18
Let g be (-4)/22 + 246/22. Suppose -g = -s + 5. Calculate the remainder when s is divided by -1 + 7 + (-1 - -1).
4
Let m = 35 - 27. Calculate the remainder when 45 is divided by m.
5
Let f(k) = -k**3 + 9*k**2 - 5*k - 12. Let a be f(8). What is the remainder when -1 + 29 + a/4 is divided by 16?
15
Let b = 94 - 70. What is the remainder when b is divided by 13?
11
Let q(i) = -13*i. Let v be q(-1). Let p = -15 - -19. Let z = v - p. Calculate the remainder when 33 is divided by z.
6
Suppose -5*j - 288 = p, -3*j + 2*p = -2*j + 62. Let m = -13 - j. Calculate the remainder when m is divided by 16.
13
Let i be (-3 + -2)*(1 - 2). Suppose -45 - 45 = -i*h. Calculate the remainder when 53 is divided by h.
17
Let n = 1 - -2. Suppose n*o - 3*i - 54 = -0, 3*o - 2*i = 50. What is the remainder when 34 is divided by (o/35)/(1/30)?
10
Let n be (1*-1)/((-12)/72). Let y = 12 - n. What is the remainder when 3/9 + 100/y is divided by 6?
5
Let g(n) = -3*n - 11. What is the remainder when g(-12) is divided by 7?
4
Suppose -f + 13 = -2*f. Let v = 8 + f. Calculate the remainder when 13 is divided by v/3*1*-3.
3
Let s = -34 + 18. Let h = -8 - s. What is the remainder when 22 is divided by h?
6
Suppose -3*j - k + 28 = 0, 2*k - 20 = -j - k. Calculate the remainder when 21 is divided by j.
5
Let n(a) = 1 - 8*a - 7 - a**2 + 0. Calculate the remainder when 26 is divided by n(-5).
8
Suppose m = 19 - 5. Suppose -2*f + 52 = -0*f. Suppose 4*c = 3*c + f. Calculate the remainder when c is divided by m.
12
Let g(x) = 2*x + 41. Calculate the remainder when 115 is divided by g(-14).
11
Suppose 4*s = -3*d + 63, 0 = 3*d - 5*d + 10. What is the remainder when 32 is divided by s?
8
Let d(v) = v**2 + 7*v - 10. Let r be d(-8). Let g(b) = -9*b - 3. Suppose -7*p = i - 2*p - 8, 5*p = 0. What is the remainder when g(r) is divided by i?
7
Let h be 326/14 - 8/28. Suppose -4*d = -5*f - h, -d + 17 = -10*f + 5*f. What is the remainder when f/6 + (-13)/(-2) is divided by 4?
2
Suppose -5*c - 40 = -115. Let z = -104 + 147. Calculate the remainder when z is divided by c.
13
Let j = -12 - -14. Suppose -u - 30 = -4*g - j*u, -4*g - 4*u = -36. Calculate the remainder when 12 is divided by g.
5
Let k = -39 - -11. Let g = k + 34. What is the remainder when 16 is divided by g?
4
Suppose -2*r + 11 = 1. Suppose 0*i - r*i = -340. Suppose -3*c = -c - i. What is the remainder when c is divided by 18?
16
Let h = -9 - -22. Let y = h - -46. Calculate the remainder when y is divided by 20.
19
Let w = 46 + -16. Let h = w + -19. What is the remainder when 32 is divided by h?
10
Suppose 0 = 3*v - 38 - 49. Calculate the remainder when v is divided by 13 + -6 + 1 - 0/(-2).
5
Suppose -4*w + 12 = u, 3*w - w - 42 = -5*u. Calculate the remainder when 23 is divided by u.
7
Let o = 19 + -3. What is the remainder when 60 is divided by o?
12
Suppose 0 = -3*t + 12 + 30. Calculate the remainder when 83 is divided by t.
13
Let l(z) = -z**3 - 19*z**2 + 2*z + 45. Calculate the remainder when 25 is divided by l(-19).
4
Let q = 4 + -7. Let x(d) = -7*d + 1. Let z be x(1). Calculate the remainder when (q/z)/(2/100) is divided by 13.
12
Suppose 5*k + m = -427, k + m + 52 + 31 = 0. Let r = k - -123. What is the remainder when r is divided by (19 + 0)*(4 - 3)?
18
Let j = -4 - -3. Let y be (-1 + 0)*j - 2. Calculate the remainder when 29 is divided by (y - 1) + 20 + -3.
14
Calculate the remainder when 74 is divided by -3*((-102)/9 - -3).
24
Let j(a) = -a**3 + 17*a**2 + 21*a - 38. Let k = 56 + -10. What is the remainder when k is divided by j(18)?
14
Let d = -47 - -93. Calculate the remainder when d is divided by 16.
14
Let a(v) = 3*v - 4. Let f be 2/9 - 232/(-9). Suppose -3*l + 52 = -f. Calculate the remainder when l is divided by a(6).
12
Let t(c) = -c**3 - 6*c**2 + 2*c + 6. Let h be t(-6). Let f = h - -28. Calculate the remainder when f is divided by 8.
6
Let w(l) = l**3 - 2*l**2 - 1. What is the remainder when 30 is divided by w(3)?
6
Suppose 2*s - 7 = 57. Suppose s = -0*r + 2*r. Calculate the remainder when 30 is divided by r.
14
What is the remainder when ((-2)/(-6))/(8/912) is divided by 14?
10
Suppose -3*r + 182 = c, -c - 245 = r - 5*r. Suppose 2*f + 32 = 4*f - 5*g, 0 = -5*f + 4*g + 80. Calculate the remainder when r is divided by f.
13
Let p(w) = -w**3 + 6*w**2 - 5*w - 2. Let x = -46 - -75. Calculate the remainder when x is divided by p(4).
9
Let d(a) = a**3 - 11*a**2 + 10*a. Let j be d(10). Suppose 28 = -j*x + 2*x. What is the remainder when 41 is divided by x?
13
Suppose -s + 63 = -4*t + 330, s = 3*t - 199. Calculate the remainder when t is divided by 26.
16
Let z = 44 - 20. Let n = -7 + z. Let j = -53 + 84. Calculate the remainder when j is divided by n.
14
Let k(q) = -q**3 + 5*q**2 - 2*q. Calculate the remainder when 57 is divided by k(3).
9
What is the remainder when 54 is divided by (-6)/(-3) - -12 - 0?
12
Suppose -706 = 4*i - 2578. Suppose -a = 3*c - 2*a - 362, -5*a = -4*c + i. Suppose 3*b - b = c. Calculate the remainder when b is divided by 21.
19
Let o(y) = y**2 - y - 1. Let j(m) = 7*m**2 - m. Let z(i) = j(i) + 2*o(i). What is the remainder when z(-2) is divided by 14?
12
Let b(z) = z - 3. Let i be b(5). Suppose 36 - 8 = i*w. Calculate the remainder when 53 is divided by w.
11
Suppose -3*d = d - 40. What is the remainder when (-4 + 3)/((-2)/d) is divided by 2?
1
Suppose -4*b + 160 = -g, 0*g - 4*g - 148 = -4*b. Calculate the remainder when b is divided by 14.
13
Suppose -v + 75 = 4*v. Let x = -45 + 79. Let p = 9 + x. Calculate the remainder when p is divided by v.
13
Let s(t) = -t**2 - 10*t - 8. Let q be s(-9). Let d be 2/(-2)*-1 + q. Calculate the remainder when ((-1 - -3) + 0)/d is divided by 1.
0
Let y = 17 - 15. Suppose -2*d + 2*g + 10 = d, 0 = -2*g + y. Calculate the remainder when 8 is divided by d.
0
Let x(t) = t**3 + t + 18. What is the remainder when 31 is divided by x(0)?
13
Let i = -12 + -2. Let m = i + 20. Calculate the remainder when 10 is divided by m.
4
Let s(w) = 3*w**2 - 9*w + 13. Calculate the remainder when s(5) is divided by 9.
7
Let b = 14 + -34. Let n = 21 + b. Calculate the remainder when 4 is divided by n.
0
Let h(j) = -j + 17. What is the remainder when 74 is divided by h(-4)?
11
Suppose d - 2*d + 17 = 0. Suppose -102 = -2*n - 4. What is the remainder when n is divided by d?
15
Let x(l) = -l**2 + 9*l + 7. Let d be (1 + -9)*2/(-2). What is the remainder when 44 is divided by x(d)?
14
Let f = -28 + 41. What is the remainder when (-1 - -2)*(40 + -4) is divided by f?
10
Let p be 15*(-1)/(3/4). What is the remainder when p/(-8)*1*2 is divided by 4?
1
What is the remainder when 5 is divided by (-8)/(-12)*27/6?
2
Let b = 24 + -9. What is the remainder when (-2)/(-5) + 339/b is divided by 12?
11
Let b(z) = z**3 - 8*z**2 + 5*z - 2. Let q = 7 + 1. What is the remainder when b(q) is divided by 20?
18
Let g = -147 + 196. Calculate the remainder when g is divided by 18.
13
Let k(z) = -8*z - 13. Let u be k(-10). Suppose -108 = -4*o + s, -3*o - s = -21 - u. Calculate the remainder when o is divided by 15.
13
Let b(o) = -o**3 - 9*o**2 - 3*o + 3. Let n be b(-9). Suppose 0*y + 2*y - n = 0. What is the remainder when y is divided by 8?
7
Suppose -52 = 4*q - 4. Let k = q + 27. Calculate the remainder when k is divided by 6.
3
Let n = -10 - -45. What is the remainder when n is divided by (4/(-8))/((-4)/72)?
8
Let c = -80 - -92. What is the remainder when 69 is divided by c?
9
Let b = -30 - -44. Calculate the remainder when b is divided by 6.
2
Suppose -4*l + 18 = -42. Suppose 0*x = -3*x - 60. What is the remainder when (0 + 16/x)*-35 is divided by l?
13
Let c(i) = i**3 - 4*i**2 + 3*i + 2. Let f be c(3). Calculate the remainder when (-4)/f + 72 + -1 is divided by 18.
15
Suppose 0*c = u + 5*c - 35, -2*u = -4*c - 42. Suppose -i - q = -8, -3*q + 11 = 2*i - 6*q. What is the remainder when u is divided by i?
4
Suppose -l = -2*l + 5, -3*l - 80 = -5*f. Calculate the remainder when 55 is divided by f.
17
Let b(s) = s**3 - 11*s**2 + 11*s - 26. Calculate the remainder when b(11) is divided by 2